lculate p(o).
19
Suppose -33*w - 2*w + 236 - 61 = 0. Let j(a) = a**3 - 3*a**2 + a - 9. Let m(n) = n**3 - 3*n**2 - 8. Let q(g) = 4*j(g) - 5*m(g). Determine q(w).
-26
Let w(m) = 5*m**3 + 4*m**2 + 9*m - 23. Let n(k) = k**3 + k**2 + k - 4. Let b(h) = 6*n(h) - w(h). What is b(-2)?
5
Let n = 3 - 0. Let d(j) = 3*j + 37. Let g(i) = -8*i - 101. Let k(o) = -11*d(o) - 4*g(o). Let y(m) = 3. Let l(z) = n*k(z) + 2*y(z). Calculate l(-6).
15
Let n(d) = -d + 7. Let z(m) = -m + 6. Let r be 182/28 + 9/(-6). Let v(j) = r*n(j) - 6*z(j). Let y = -8 - -5. Calculate v(y).
-4
Suppose -19 - 25 = -22*m. Let u(q) = -477*q**3 + 1 + m*q - 1 - 4*q**2 + 478*q**3 - 5. What is u(3)?
-8
Suppose 245879*b - 9 - 73 = 245920*b. Let y(z) = -2*z**2 + 2 - 4*z - 2 + 3*z. Give y(b).
-6
Let b(x) = -13*x**3 - x**2 + x - 1. Let g(l) = -207*l**3 - 26*l**2 + 15*l - 29. Let u(f) = -16*b(f) + g(f). Calculate u(8).
-149
Let p(o) be the second derivative of o**6/120 + o**5/12 - o**3/6 - 5*o**2/2 + 15*o. Let m(w) be the first derivative of p(w). Calculate m(-2).
11
Let j(u) = -3*u**2 + 2*u + 3. Let c(o) = -13*o**2 + 9*o + 13. Let m(q) = 2*c(q) - 9*j(q). Let h(l) = 8*l**2 - 1059*l + 399. Let b be h(132). What is m(b)?
8
Let i(m) be the first derivative of -m**4 - 2*m**3/3 + 2*m**2 - 4*m - 20. Let f be i(2). Let j = 32 + f. Let w(g) = -6*g - 6. Give w(j).
18
Suppose 12 = -3*x + 4*b, 61*b = 60*b + 6. Let v(s) be the second derivative of 7*s**3/6 + s**2/2 + 13*s. Determine v(x).
29
Suppose -17*w + w + 336 = 0. Suppose 29*p = w*p + 8. Let d(i) = -6*i**3. Determine d(p).
-6
Let w(u) be the first derivative of -u**4/4 + 5*u**3 - 7*u**2/2 - 11*u - 5577. Calculate w(14).
87
Let h(a) = a**3 - 7*a**2 + a + 1. Let d be 8 - (8/(-14))/((-188)/(-28) - 7). Calculate h(d).
-29
Let s(b) = -20*b**3 - 41*b**2 + 16*b + 72. Let h(n) = -7*n**3 - 14*n**2 + 6*n + 24. Let d(w) = -17*h(w) + 6*s(w). Give d(-6).
-12
Suppose 43 = -12*z - 5. Let w = -42 - -54. Let r(n) = 24*n - 5 - 27*n - w*n**3 + 4*n**2 + 13*n**3. Calculate r(z).
7
Suppose 2*m = 3*m + 2*n - 24, 60 = 5*m - 5*n. Let f(l) = -12 - l**3 - 10 + m. Give f(0).
-6
Suppose 3*y - 5*y + 2*l = 46, -l + 3 = 0. Let f be (-20)/(-6)*(-30)/y. Suppose -2*g + 8*z - 26 = 3*z, 3*z + 34 = -f*g. Let u(k) = 2*k + 5. Determine u(g).
-11
Let r(d) = -d**2 - 2614*d - d**2 + 7 + 3*d**2 + 2612*d. What is r(9)?
70
Suppose -5*a - 9*a = -728. Let m(s) = 47*s**3 - s**2 - 2*s - 1. Let p be m(-1). Let h = a + p. Let j(r) = -r**2 + 4*r + 4. What is j(h)?
-1
Let i(a) be the third derivative of a**5/60 + a**4/8 - a**3/2 - 3*a**2 - 39. Let s(h) = 2*h - 2. Let r be s(2). Determine i(r).
7
Suppose 0 = o + a - 0 + 1, o = -3*a - 11. Let m be 35/(-15) - o/6. Let b(r) = 19 + 73*r**2 - 21 - 157*r**2 + 85*r**2 - 3*r + r**3. Calculate b(m).
-11
Suppose -7 + 46 = -13*m + p, m + 5*p + 3 = 0. Let q(w) = -w**2 + 122*w + 380. Determine q(m).
5
Suppose -6*p + 43 = 3*c - p, c + 19 = 5*p. Suppose -3*t - 2*w - 32 = -c*w, -5*t - 5*w - 65 = 0. Let h be 8/t*12/(-8). Let d(x) = -5*x**3 - 1. Give d(h).
-6
Let s(a) be the second derivative of a**3 + 5*a**2/2 + 2*a + 21. Let z be s(-2). Let y(f) = 4*f + 8. What is y(z)?
-20
Let u(r) = r**3 - 6*r**2 + 4*r - 2. Suppose -3*n - 20 = 3*a - 5*a, -5*a + 36 = -4*n. Suppose 0*d - 204 = a*d. Let o = d + 56. Give u(o).
-7
Let o(v) = -v**3 - 4*v**2 + v - 3. Let y be o(-4). Let u(c) be the second derivative of -206*c + 0 + 1/6*c**3 + 9/2*c**2. Give u(y).
2
Let g(z) be the first derivative of -4*z**2 - 5*z + 30. Suppose -4*l - 4*l - 48 = -0*l. Give g(l).
43
Let m(a) = a + 1. Let o = 86 + -26. Let w = o + -63. Give m(w).
-2
Let k(x) = 37*x**3 + 105*x**2 - 359*x + 307. Let w(v) = -13*v**3 - 35*v**2 + 120*v - 106. Let d(o) = -6*k(o) - 17*w(o). What is d(-38)?
-40
Let h(l) = -l + 6*l**3 + 1465 - 11*l**2 - 1461 - 9*l**3. What is h(-3)?
-11
Suppose 221*g - 200*g - 630 = 0. Suppose -5*i + g = -5*h, -2*h = 3*i + 2 - 5. Let x(k) = k**3 - 3*k**2 - k - 3. What is x(i)?
-6
Let j(a) be the second derivative of -a**5/20 + a**4/2 - 7*a**3/6 + 9*a**2/2 + 439*a + 1. Determine j(2).
11
Let j(y) = y**2 - 3*y - 24. Let u be j(-4). Let i be (3 - 12/u)/(3 - 2). Let h(q) = 7*q + 13. Let m(d) = -d + 1. Let n(c) = h(c) + 6*m(c). Give n(i).
19
Let p(w) = -w - 27. Let b(c) = -2*c + 219. Let l(z) = b(z) + p(z). Calculate l(65).
-3
Let l = 21 - 75. Let w = l - -60. Suppose -i = i - w. Let f(r) = -r**3 + r**2 + 3*r + 4. Calculate f(i).
-5
Let k(y) be the third derivative of -y**4/12 - 85*y**3/6 + 245*y**2 + 2*y. What is k(-41)?
-3
Let b(v) = 61325 + 243*v - 9*v**2 - 61325. Give b(27).
0
Let k(a) be the second derivative of -a**5/20 - 5*a**4/2 + a**3/2 + 32*a**2 - 4685*a. What is k(-30)?
-26
Let o(b) = 3 + 13*b**2 + 5*b + 19*b**2 - 59*b**2 + 16*b**2 + 10*b**2. Suppose -4*c + 5 = -3*r, -3*c = c - 20. Give o(r).
3
Let f(b) = -2*b - 2. Suppose 6*j - 37 = -43. Let d be (-8 - (4 - 10))*j. What is f(d)?
-6
Suppose 3*c - 2*c - 4 = 0. Suppose -c*a = -7*a + 54. Suppose -a*p = -14*p + 12. Let x(d) = -d**3 + 2*d - 2. Calculate x(p).
19
Let q(g) = 2*g**3 + g**2 - 5*g + 3. Let v = 5641 + -5640. Determine q(v).
1
Let j(g) be the third derivative of -16*g**5/15 - g**4/24 - g**3/3 + 2289*g**2. What is j(-1)?
-65
Suppose -36*m + 26*m = -40. Let r(b) = -8*b**2 - b**3 + 16*b**2 - 2*b + 0*b - m + 0. Determine r(8).
-20
Let s(a) be the first derivative of -a**7/840 - a**6/90 - a**5/60 + a**4/12 - 14*a**3/3 - 3*a - 52. Let t(x) be the third derivative of s(x). Determine t(-2).
-2
Let q(w) = -56729*w**3 + 56728*w**3 - 1 + 4*w + 6 - 4*w**2. Calculate q(-4).
-11
Let x(a) = 9*a**3 - 1. Suppose -40*m + 42*m - 70 = 0. Let p = -31 + m. Suppose -13 = -p*b - 9. What is x(b)?
8
Let c(g) = 3261 - 6523 + 9*g + 3296 - 23*g. What is c(2)?
6
Let m(d) = -d**2 + 12*d - 7. Let z = -4 + 2. Let f = z + 14. What is m(f)?
-7
Let u(y) be the third derivative of y**5/60 - 3*y**4/4 + 13*y**3/6 + 8*y**2 - y - 33. What is u(13)?
-52
Let t(s) be the third derivative of -s**5/15 - s**4/24 + s**3/6 - 1675*s**2. Calculate t(4).
-67
Let p(d) = 6 - 4*d**2 + 3*d**2 + 5 - 6. Calculate p(-4).
-11
Let j(i) = i - 5. Suppose -3*b = -5*v, 11*b - 4 = -3*v + 12*b. Let r be (4/v)/((-7)/(-42)). Give j(r).
3
Let h(g) = 2*g**2 - 18*g + 19. Let j be h(8). Let c(z) = 10*z**2 + 2*z - z**j + z**2 + 0*z**2 - 18. Let u be c(11). Let m(t) = -t**2 - 1. Give m(u).
-17
Suppose -19*v = -5*v - 28. Suppose -1 = v*a + j, -83*j + 80*j = 15. Let m(l) = l**2 - 2*l + 3. Determine m(a).
3
Let u(a) = 46*a**2 - 3*a + 22. Let x(o) = 41*o**2 - 3*o + 20. Let v(t) = -8*u(t) + 9*x(t). Let y be (-20)/8 - 2/4. Give v(y).
22
Let a(x) = -108*x - 4 - 14 + 53*x + 75*x. Give a(-4).
-98
Suppose 0 = -5*s + 5*l - 15, 2*s + l - 26 + 17 = 0. Let b(g) = 73 - 71 - 6*g**s - 14*g**3 + 2*g**2 + 17*g**3 + 3*g - 2*g. Calculate b(2).
12
Let q(s) = -s**3 + 13*s**2 - 11*s - 18. Let n(v) = -v**2 - 45*v - 494. Let x be n(-23). Give q(x).
-6
Let x be 1/(-10) + 10/((-500)/28945). Let c = -584 - x. Let u(s) = -s**3 - 5*s**2 + 2*s + 5. Give u(c).
-5
Suppose -2*x = -k - x - 1, -2 = 3*k - 2*x. Suppose k = -5*p + 17 - 42. Let h be 28/4*(p - -4). Let y(t) = -t**3 - 6*t**2 + 9*t + 4. Give y(h).
-10
Let v(w) = -3*w - 1. Let i be 199/6 + (-1)/6. Let u = i - 4. Suppose -19 = 12*h + u. Give v(h).
11
Let o(h) = 12*h + 72. Let x(m) = -m. Let g(q) = o(q) + x(q). Let a be g(-6). Let y(b) = -b**3 + 7*b**2 - 10*b + 6. Give y(a).
-18
Let v(a) = a**3 + 27*a**2 + 134*a + 50. Let n be v(-6). Let p(w) = 2 + 0 + 0 - 9*w. What is p(n)?
-16
Suppose -26*u + 82 = 7 - 3. Let a(w) = -2*w + 15. What is a(u)?
9
Let m(x) = x**3 - 1835*x**2 + 67*x + 19 - 62*x + 1825*x**2. Calculate m(9).
-17
Let d(g) = g**3 - 14*g**2 - 17*g + 21. Let w(y) = y**2 + 21*y + 105. Let n be w(-15). Calculate d(n).
-9
Let t(u) = 4*u**2 - 4*u - 4. Let m(a) = a**2 + 1. Let f(r) = -7*m(r) - t(r). Give f(1).
-10
Let g = 161 - 53. Let a(u) = u**2 + 111*u + g*u + 110*u - 336*u. Determine a(3).
-12
Let l(y) = -y**2 - 4*y + 5. Suppose -8*i = -11*i - 3. Let j(a) = 18*a**2 - 3*a - 2. Let v be j(i). Let o be 2 + v/(-3) - 2/3. What is l(o)?
0
Let x(y) = 7*y**2 + y**3 + 7*y - y**2 - 4 - 2*y**3. Suppose 5*q = 5*o + 970, 5*q - 220 - 740 = 3*o. Let t be (q/18)/(24/16). Determine x(t).
-4
Let t(c) = 2*c**2. Let q(x) = x + 1. Let i(h) = -2*q(h) + 2*t(h). Let s(z) = -z**2 + 8*z - 10. Suppose 5*g - 2*g - 1